{"id":21729,"date":"2025-05-05T07:34:52","date_gmt":"2025-05-05T10:34:52","guid":{"rendered":"https:\/\/downtownmoncton.com\/event\/summer-season-events-press-conference\/"},"modified":"2025-05-05T07:36:23","modified_gmt":"2025-05-05T10:36:23","slug":"conference-de-presse-des-evenements-de-la-saison-estivale","status":"publish","type":"tribe_events","link":"https:\/\/downtownmoncton.com\/fr\/event\/conference-de-presse-des-evenements-de-la-saison-estivale\/","title":{"rendered":"Conf\u00e9rence de presse des \u00e9v\u00e9nements de la saison estivale"},"content":{"rendered":"<p><img decoding=\"async\" class=\"alignnone wp-image-21722 size-large\" src=\"https:\/\/downtownmoncton.com\/wp-content\/uploads\/2025\/05\/1stAnnualSummerPressConference-791x1024.jpg\" alt=\"\" width=\"791\" height=\"1024\" srcset=\"https:\/\/downtownmoncton.com\/wp-content\/uploads\/2025\/05\/1stAnnualSummerPressConference-200x259.jpg 200w, https:\/\/downtownmoncton.com\/wp-content\/uploads\/2025\/05\/1stAnnualSummerPressConference-232x300.jpg 232w, https:\/\/downtownmoncton.com\/wp-content\/uploads\/2025\/05\/1stAnnualSummerPressConference-400x518.jpg 400w, https:\/\/downtownmoncton.com\/wp-content\/uploads\/2025\/05\/1stAnnualSummerPressConference-500x647.jpg 500w, https:\/\/downtownmoncton.com\/wp-content\/uploads\/2025\/05\/1stAnnualSummerPressConference-600x776.jpg 600w, https:\/\/downtownmoncton.com\/wp-content\/uploads\/2025\/05\/1stAnnualSummerPressConference-700x906.jpg 700w, https:\/\/downtownmoncton.com\/wp-content\/uploads\/2025\/05\/1stAnnualSummerPressConference-768x994.jpg 768w, https:\/\/downtownmoncton.com\/wp-content\/uploads\/2025\/05\/1stAnnualSummerPressConference-791x1024.jpg 791w, https:\/\/downtownmoncton.com\/wp-content\/uploads\/2025\/05\/1stAnnualSummerPressConference-800x1035.jpg 800w, https:\/\/downtownmoncton.com\/wp-content\/uploads\/2025\/05\/1stAnnualSummerPressConference-1187x1536.jpg 1187w, https:\/\/downtownmoncton.com\/wp-content\/uploads\/2025\/05\/1stAnnualSummerPressConference-1200x1553.jpg 1200w, https:\/\/downtownmoncton.com\/wp-content\/uploads\/2025\/05\/1stAnnualSummerPressConference-1583x2048.jpg 1583w\" sizes=\"(max-width: 791px) 100vw, 791px\" \/><\/p>\n","protected":false},"excerpt":{"rendered":"","protected":false},"author":1,"featured_media":13922,"template":"","meta":{"_monsterinsights_skip_tracking":false,"_monsterinsights_sitenote_active":false,"_monsterinsights_sitenote_note":"","_monsterinsights_sitenote_category":0,"_tribe_events_status":"","_tribe_events_status_reason":"","_tribe_events_is_hybrid":"","_tribe_events_is_virtual":"","_tribe_events_virtual_video_source":"","_tribe_events_virtual_embed_video":"","_tribe_events_virtual_linked_button_text":"","_tribe_events_virtual_linked_button":"","_tribe_events_virtual_show_embed_at":"","_tribe_events_virtual_show_embed_to":[],"_tribe_events_virtual_show_on_event":"","_tribe_events_virtual_show_on_views":"","_tribe_events_virtual_url":"","footnotes":""},"tags":[],"tribe_events_cat":[146],"class_list":["post-21729","tribe_events","type-tribe_events","status-publish","has-post-thumbnail","hentry","tribe_events_cat-la-vie-en-ville","cat_la-vie-en-ville"],"yoast_head":"<!-- This site is optimized with the Yoast SEO plugin v27.3 - https:\/\/yoast.com\/product\/yoast-seo-wordpress\/ -->\n<title>Conf\u00e9rence de presse des \u00e9v\u00e9nements de la saison estivale - Downtown Moncton Centre-ville Inc.<\/title>\n<meta name=\"robots\" content=\"index, follow, max-snippet:-1, max-image-preview:large, max-video-preview:-1\" \/>\n<link rel=\"canonical\" href=\"https:\/\/downtownmoncton.com\/fr\/event\/conference-de-presse-des-evenements-de-la-saison-estivale\/\" \/>\n<meta property=\"og:locale\" content=\"fr_CA\" \/>\n<meta property=\"og:type\" content=\"article\" \/>\n<meta property=\"og:title\" content=\"Conf\u00e9rence de presse des \u00e9v\u00e9nements de la saison estivale - Downtown Moncton Centre-ville Inc.\" \/>\n<meta property=\"og:url\" content=\"https:\/\/downtownmoncton.com\/fr\/event\/conference-de-presse-des-evenements-de-la-saison-estivale\/\" \/>\n<meta property=\"og:site_name\" content=\"Downtown Moncton Centre-ville Inc.\" \/>\n<meta property=\"article:modified_time\" content=\"2025-05-05T10:36:23+00:00\" \/>\n<meta property=\"og:image\" content=\"https:\/\/downtownmoncton.com\/wp-content\/uploads\/2023\/07\/indian-summer-fetival-High-Quality.jpg\" \/>\n\t<meta property=\"og:image:width\" content=\"1200\" \/>\n\t<meta property=\"og:image:height\" content=\"520\" \/>\n\t<meta property=\"og:image:type\" content=\"image\/jpeg\" \/>\n<meta name=\"twitter:card\" content=\"summary_large_image\" \/>\n<meta name=\"twitter:label1\" content=\"Estimation du temps de lecture\" \/>\n\t<meta name=\"twitter:data1\" content=\"1 minute\" \/>\n<script type=\"application\/ld+json\" class=\"yoast-schema-graph\">{\"@context\":\"https:\\\/\\\/schema.org\",\"@graph\":[{\"@type\":\"WebPage\",\"@id\":\"https:\\\/\\\/downtownmoncton.com\\\/fr\\\/event\\\/conference-de-presse-des-evenements-de-la-saison-estivale\\\/\",\"url\":\"https:\\\/\\\/downtownmoncton.com\\\/fr\\\/event\\\/conference-de-presse-des-evenements-de-la-saison-estivale\\\/\",\"name\":\"Conf\u00e9rence de presse des \u00e9v\u00e9nements de la saison estivale - Downtown Moncton Centre-ville Inc.\",\"isPartOf\":{\"@id\":\"https:\\\/\\\/downtownmoncton.com\\\/#website\"},\"primaryImageOfPage\":{\"@id\":\"https:\\\/\\\/downtownmoncton.com\\\/fr\\\/event\\\/conference-de-presse-des-evenements-de-la-saison-estivale\\\/#primaryimage\"},\"image\":{\"@id\":\"https:\\\/\\\/downtownmoncton.com\\\/fr\\\/event\\\/conference-de-presse-des-evenements-de-la-saison-estivale\\\/#primaryimage\"},\"thumbnailUrl\":\"https:\\\/\\\/downtownmoncton.com\\\/wp-content\\\/uploads\\\/2023\\\/07\\\/indian-summer-fetival-High-Quality.jpg\",\"datePublished\":\"2025-05-05T10:34:52+00:00\",\"dateModified\":\"2025-05-05T10:36:23+00:00\",\"breadcrumb\":{\"@id\":\"https:\\\/\\\/downtownmoncton.com\\\/fr\\\/event\\\/conference-de-presse-des-evenements-de-la-saison-estivale\\\/#breadcrumb\"},\"inLanguage\":\"fr-CA\",\"potentialAction\":[{\"@type\":\"ReadAction\",\"target\":[\"https:\\\/\\\/downtownmoncton.com\\\/fr\\\/event\\\/conference-de-presse-des-evenements-de-la-saison-estivale\\\/\"]}]},{\"@type\":\"ImageObject\",\"inLanguage\":\"fr-CA\",\"@id\":\"https:\\\/\\\/downtownmoncton.com\\\/fr\\\/event\\\/conference-de-presse-des-evenements-de-la-saison-estivale\\\/#primaryimage\",\"url\":\"https:\\\/\\\/downtownmoncton.com\\\/wp-content\\\/uploads\\\/2023\\\/07\\\/indian-summer-fetival-High-Quality.jpg\",\"contentUrl\":\"https:\\\/\\\/downtownmoncton.com\\\/wp-content\\\/uploads\\\/2023\\\/07\\\/indian-summer-fetival-High-Quality.jpg\",\"width\":1200,\"height\":520},{\"@type\":\"BreadcrumbList\",\"@id\":\"https:\\\/\\\/downtownmoncton.com\\\/fr\\\/event\\\/conference-de-presse-des-evenements-de-la-saison-estivale\\\/#breadcrumb\",\"itemListElement\":[{\"@type\":\"ListItem\",\"position\":1,\"name\":\"Home\",\"item\":\"https:\\\/\\\/downtownmoncton.com\\\/fr\\\/\"},{\"@type\":\"ListItem\",\"position\":2,\"name\":\"Events\",\"item\":\"https:\\\/\\\/downtownmoncton.com\\\/upcoming-events\\\/\"},{\"@type\":\"ListItem\",\"position\":3,\"name\":\"Conf\u00e9rence de presse des \u00e9v\u00e9nements de la saison estivale\"}]},{\"@type\":\"WebSite\",\"@id\":\"https:\\\/\\\/downtownmoncton.com\\\/#website\",\"url\":\"https:\\\/\\\/downtownmoncton.com\\\/\",\"name\":\"Downtown Moncton Centre-ville Inc.\",\"description\":\"Dedicated to the heart of Metro Moncton!\",\"potentialAction\":[{\"@type\":\"SearchAction\",\"target\":{\"@type\":\"EntryPoint\",\"urlTemplate\":\"https:\\\/\\\/downtownmoncton.com\\\/?s={search_term_string}\"},\"query-input\":{\"@type\":\"PropertyValueSpecification\",\"valueRequired\":true,\"valueName\":\"search_term_string\"}}],\"inLanguage\":\"fr-CA\"}]}<\/script>\n<!-- \/ Yoast SEO plugin. -->","yoast_head_json":{"title":"Conf\u00e9rence de presse des \u00e9v\u00e9nements de la saison estivale - Downtown Moncton Centre-ville Inc.","robots":{"index":"index","follow":"follow","max-snippet":"max-snippet:-1","max-image-preview":"max-image-preview:large","max-video-preview":"max-video-preview:-1"},"canonical":"https:\/\/downtownmoncton.com\/fr\/event\/conference-de-presse-des-evenements-de-la-saison-estivale\/","og_locale":"fr_CA","og_type":"article","og_title":"Conf\u00e9rence de presse des \u00e9v\u00e9nements de la saison estivale - Downtown Moncton Centre-ville Inc.","og_url":"https:\/\/downtownmoncton.com\/fr\/event\/conference-de-presse-des-evenements-de-la-saison-estivale\/","og_site_name":"Downtown Moncton Centre-ville Inc.","article_modified_time":"2025-05-05T10:36:23+00:00","og_image":[{"width":1200,"height":520,"url":"https:\/\/downtownmoncton.com\/wp-content\/uploads\/2023\/07\/indian-summer-fetival-High-Quality.jpg","type":"image\/jpeg"}],"twitter_card":"summary_large_image","twitter_misc":{"Estimation du temps de lecture":"1 minute"},"schema":{"@context":"https:\/\/schema.org","@graph":[{"@type":"WebPage","@id":"https:\/\/downtownmoncton.com\/fr\/event\/conference-de-presse-des-evenements-de-la-saison-estivale\/","url":"https:\/\/downtownmoncton.com\/fr\/event\/conference-de-presse-des-evenements-de-la-saison-estivale\/","name":"Conf\u00e9rence de presse des \u00e9v\u00e9nements de la saison estivale - Downtown Moncton Centre-ville Inc.","isPartOf":{"@id":"https:\/\/downtownmoncton.com\/#website"},"primaryImageOfPage":{"@id":"https:\/\/downtownmoncton.com\/fr\/event\/conference-de-presse-des-evenements-de-la-saison-estivale\/#primaryimage"},"image":{"@id":"https:\/\/downtownmoncton.com\/fr\/event\/conference-de-presse-des-evenements-de-la-saison-estivale\/#primaryimage"},"thumbnailUrl":"https:\/\/downtownmoncton.com\/wp-content\/uploads\/2023\/07\/indian-summer-fetival-High-Quality.jpg","datePublished":"2025-05-05T10:34:52+00:00","dateModified":"2025-05-05T10:36:23+00:00","breadcrumb":{"@id":"https:\/\/downtownmoncton.com\/fr\/event\/conference-de-presse-des-evenements-de-la-saison-estivale\/#breadcrumb"},"inLanguage":"fr-CA","potentialAction":[{"@type":"ReadAction","target":["https:\/\/downtownmoncton.com\/fr\/event\/conference-de-presse-des-evenements-de-la-saison-estivale\/"]}]},{"@type":"ImageObject","inLanguage":"fr-CA","@id":"https:\/\/downtownmoncton.com\/fr\/event\/conference-de-presse-des-evenements-de-la-saison-estivale\/#primaryimage","url":"https:\/\/downtownmoncton.com\/wp-content\/uploads\/2023\/07\/indian-summer-fetival-High-Quality.jpg","contentUrl":"https:\/\/downtownmoncton.com\/wp-content\/uploads\/2023\/07\/indian-summer-fetival-High-Quality.jpg","width":1200,"height":520},{"@type":"BreadcrumbList","@id":"https:\/\/downtownmoncton.com\/fr\/event\/conference-de-presse-des-evenements-de-la-saison-estivale\/#breadcrumb","itemListElement":[{"@type":"ListItem","position":1,"name":"Home","item":"https:\/\/downtownmoncton.com\/fr\/"},{"@type":"ListItem","position":2,"name":"Events","item":"https:\/\/downtownmoncton.com\/upcoming-events\/"},{"@type":"ListItem","position":3,"name":"Conf\u00e9rence de presse des \u00e9v\u00e9nements de la saison estivale"}]},{"@type":"WebSite","@id":"https:\/\/downtownmoncton.com\/#website","url":"https:\/\/downtownmoncton.com\/","name":"Downtown Moncton Centre-ville Inc.","description":"Dedicated to the heart of Metro Moncton!","potentialAction":[{"@type":"SearchAction","target":{"@type":"EntryPoint","urlTemplate":"https:\/\/downtownmoncton.com\/?s={search_term_string}"},"query-input":{"@type":"PropertyValueSpecification","valueRequired":true,"valueName":"search_term_string"}}],"inLanguage":"fr-CA"}]}},"_links":{"self":[{"href":"https:\/\/downtownmoncton.com\/fr\/wp-json\/wp\/v2\/tribe_events\/21729","targetHints":{"allow":["GET"]}}],"collection":[{"href":"https:\/\/downtownmoncton.com\/fr\/wp-json\/wp\/v2\/tribe_events"}],"about":[{"href":"https:\/\/downtownmoncton.com\/fr\/wp-json\/wp\/v2\/types\/tribe_events"}],"author":[{"embeddable":true,"href":"https:\/\/downtownmoncton.com\/fr\/wp-json\/wp\/v2\/users\/1"}],"version-history":[{"count":1,"href":"https:\/\/downtownmoncton.com\/fr\/wp-json\/wp\/v2\/tribe_events\/21729\/revisions"}],"predecessor-version":[{"id":21730,"href":"https:\/\/downtownmoncton.com\/fr\/wp-json\/wp\/v2\/tribe_events\/21729\/revisions\/21730"}],"wp:featuredmedia":[{"embeddable":true,"href":"https:\/\/downtownmoncton.com\/fr\/wp-json\/wp\/v2\/media\/13922"}],"wp:attachment":[{"href":"https:\/\/downtownmoncton.com\/fr\/wp-json\/wp\/v2\/media?parent=21729"}],"wp:term":[{"taxonomy":"post_tag","embeddable":true,"href":"https:\/\/downtownmoncton.com\/fr\/wp-json\/wp\/v2\/tags?post=21729"},{"taxonomy":"tribe_events_cat","embeddable":true,"href":"https:\/\/downtownmoncton.com\/fr\/wp-json\/wp\/v2\/tribe_events_cat?post=21729"}],"curies":[{"name":"wp","href":"https:\/\/api.w.org\/{rel}","templated":true}]}}

Conférence de presse des événements de la saison estivale

<!-- This site is optimized with the Yoast SEO plugin v27.3 - https://yoast.com/product/yoast-seo-wordpress/ -->
<title>Conférence de presse des événements de la saison estivale - Downtown Moncton Centre-ville Inc.</title>
<meta name="robots" content="index, follow, max-snippet:-1, max-image-preview:large, max-video-preview:-1" />
<link rel="canonical" href="https://downtownmoncton.com/fr/event/conference-de-presse-des-evenements-de-la-saison-estivale/" />
<meta property="og:locale" content="fr_CA" />
<meta property="og:type" content="article" />
<meta property="og:title" content="Conférence de presse des événements de la saison estivale - Downtown Moncton Centre-ville Inc." />
<meta property="og:url" content="https://downtownmoncton.com/fr/event/conference-de-presse-des-evenements-de-la-saison-estivale/" />
<meta property="og:site_name" content="Downtown Moncton Centre-ville Inc." />
<meta property="article:modified_time" content="2025-05-05T10:36:23+00:00" />
<meta property="og:image" content="https://downtownmoncton.com/wp-content/uploads/2023/07/indian-summer-fetival-High-Quality.jpg" />
	<meta property="og:image:width" content="1200" />
	<meta property="og:image:height" content="520" />
	<meta property="og:image:type" content="image/jpeg" />
<meta name="twitter:card" content="summary_large_image" />
<meta name="twitter:label1" content="Estimation du temps de lecture" />
	<meta name="twitter:data1" content="1 minute" />
<script type="application/ld+json" class="yoast-schema-graph">{"@context":"https:\/\/schema.org","@graph":[{"@type":"WebPage","@id":"https:\/\/downtownmoncton.com\/fr\/event\/conference-de-presse-des-evenements-de-la-saison-estivale\/","url":"https:\/\/downtownmoncton.com\/fr\/event\/conference-de-presse-des-evenements-de-la-saison-estivale\/","name":"Conférence de presse des événements de la saison estivale - Downtown Moncton Centre-ville Inc.","isPartOf":{"@id":"https:\/\/downtownmoncton.com\/#website"},"primaryImageOfPage":{"@id":"https:\/\/downtownmoncton.com\/fr\/event\/conference-de-presse-des-evenements-de-la-saison-estivale\/#primaryimage"},"image":{"@id":"https:\/\/downtownmoncton.com\/fr\/event\/conference-de-presse-des-evenements-de-la-saison-estivale\/#primaryimage"},"thumbnailUrl":"https:\/\/downtownmoncton.com\/wp-content\/uploads\/2023\/07\/indian-summer-fetival-High-Quality.jpg","datePublished":"2025-05-05T10:34:52+00:00","dateModified":"2025-05-05T10:36:23+00:00","breadcrumb":{"@id":"https:\/\/downtownmoncton.com\/fr\/event\/conference-de-presse-des-evenements-de-la-saison-estivale\/#breadcrumb"},"inLanguage":"fr-CA","potentialAction":[{"@type":"ReadAction","target":["https:\/\/downtownmoncton.com\/fr\/event\/conference-de-presse-des-evenements-de-la-saison-estivale\/"]}]},{"@type":"ImageObject","inLanguage":"fr-CA","@id":"https:\/\/downtownmoncton.com\/fr\/event\/conference-de-presse-des-evenements-de-la-saison-estivale\/#primaryimage","url":"https:\/\/downtownmoncton.com\/wp-content\/uploads\/2023\/07\/indian-summer-fetival-High-Quality.jpg","contentUrl":"https:\/\/downtownmoncton.com\/wp-content\/uploads\/2023\/07\/indian-summer-fetival-High-Quality.jpg","width":1200,"height":520},{"@type":"BreadcrumbList","@id":"https:\/\/downtownmoncton.com\/fr\/event\/conference-de-presse-des-evenements-de-la-saison-estivale\/#breadcrumb","itemListElement":[{"@type":"ListItem","position":1,"name":"Home","item":"https:\/\/downtownmoncton.com\/fr\/"},{"@type":"ListItem","position":2,"name":"Events","item":"https:\/\/downtownmoncton.com\/upcoming-events\/"},{"@type":"ListItem","position":3,"name":"Conférence de presse des événements de la saison estivale"}]},{"@type":"WebSite","@id":"https:\/\/downtownmoncton.com\/#website","url":"https:\/\/downtownmoncton.com\/","name":"Downtown Moncton Centre-ville Inc.","description":"Dedicated to the heart of Metro Moncton!","potentialAction":[{"@type":"SearchAction","target":{"@type":"EntryPoint","urlTemplate":"https:\/\/downtownmoncton.com\/?s={search_term_string}"},"query-input":{"@type":"PropertyValueSpecification","valueRequired":true,"valueName":"search_term_string"}}],"inLanguage":"fr-CA"}]}</script>
<!-- / Yoast SEO plugin. -->

Conférence de presse des événements de la saison estivale - Downtown Moncton Centre-ville Inc.
